{"id":77,"date":"2023-03-18T03:46:12","date_gmt":"2023-03-18T00:46:12","guid":{"rendered":"https:\/\/focuseng.com.tr\/?page_id=77"},"modified":"2023-03-22T23:06:58","modified_gmt":"2023-03-22T20:06:58","slug":"trafo-merkezleri-ve-salt-sahalari","status":"publish","type":"page","link":"https:\/\/focuseng.com.tr\/index.php\/urunler-hizmetler\/trafo-merkezleri-ve-salt-sahalari\/","title":{"rendered":"TRAFO MERKEZLERI VE \u015eALT SAHALARI"},"content":{"rendered":"\n<p>Focus \u00c7elik Enerji M\u00fchendislik; deneyimli m\u00fchendislik, \u00fcretim ekibi ve teknolojik makine park\u0131 sayesinde c\u0131vatal\u0131 veya kaynakl\u0131 olacak \u015fekilde trafo ve \u015falt merkezi \u00e7eli\u011fi tasar\u0131m\u0131 ve \u00fcretimi yapmaktad\u0131r.<\/p>\n\n\n\n<p>Trafo Merkezleri \u00fcretilen elektrik enerjisinin, \u00fcretim sahas\u0131ndan iletim hatlar\u0131na ve da\u011f\u0131t\u0131m hatlar\u0131na aktar\u0131lmas\u0131 s\u00fcrecinde ba\u011flant\u0131 noktas\u0131nda bulunan tesislerdir. Bu tesisler a\u015fa\u011f\u0131da yer alan t\u00fcrlerde olmaktad\u0131r.<\/p>\n\n\n\n<ul class=\"wp-block-list\">\n<li>A\u00e7\u0131k (Hava Yal\u0131t\u0131ml\u0131) \u015ealt Sahas\u0131&nbsp; (AIS): Trafo Merkezi yerle\u015fim alan\u0131n geni\u015f olu\u011fu yerlerde kurulan tesislerdir.<\/li>\n\n\n\n<li>Kapal\u0131 (Gaz \u0130zoleli) \u015ealt Sahas\u0131 (GIS): Trafo Merkezi yerle\u015fim alan\u0131n dar oldu\u011fu yal\u0131t\u0131lm\u0131\u015f kapal\u0131 ve muhafazal\u0131 bir alanda kurulan tesislerdir.<\/li>\n<\/ul>\n\n\n\n<p>Trafo ve \u015ealt Merkezi \u00e7eli\u011fi imalatlar\u0131 fabrikam\u0131zda; EN 1090, ISO 9001, ISO 14001, ISO 45001\u2019den olu\u015fan b\u00fct\u00fcnle\u015fmi\u015f y\u00f6netim sistemi ve EN ISO 3834 ve EN 1090-1 kalite standartlar\u0131 normlar\u0131na uygun olarak c\u0131vatal\u0131 veya kaynakl\u0131 olacak \u015fekilde tasar\u0131m\u0131 ve \u00fcretimi yap\u0131lmaktad\u0131r.<\/p>\n\n\n\n<figure class=\"wp-block-gallery has-nested-images columns-default is-cropped wp-block-gallery-1 is-layout-flex wp-block-gallery-is-layout-flex\">\n<figure class=\"wp-block-image size-full\"><img loading=\"lazy\" decoding=\"async\" width=\"360\" height=\"356\" data-id=\"219\" src=\"https:\/\/focuseng.com.tr\/wp-content\/uploads\/2023\/03\/SS_565.jpg\" alt=\"\" class=\"wp-image-219\" srcset=\"https:\/\/focuseng.com.tr\/wp-content\/uploads\/2023\/03\/SS_565.jpg 360w, https:\/\/focuseng.com.tr\/wp-content\/uploads\/2023\/03\/SS_565-300x297.jpg 300w\" sizes=\"auto, (max-width: 360px) 100vw, 360px\" \/><\/figure>\n\n\n\n<figure class=\"wp-block-image size-full\"><img loading=\"lazy\" decoding=\"async\" width=\"479\" height=\"536\" data-id=\"220\" src=\"https:\/\/focuseng.com.tr\/wp-content\/uploads\/2023\/03\/SS_564.jpg\" alt=\"\" class=\"wp-image-220\" srcset=\"https:\/\/focuseng.com.tr\/wp-content\/uploads\/2023\/03\/SS_564.jpg 479w, https:\/\/focuseng.com.tr\/wp-content\/uploads\/2023\/03\/SS_564-268x300.jpg 268w\" sizes=\"auto, (max-width: 479px) 100vw, 479px\" \/><\/figure>\n\n\n\n<figure class=\"wp-block-image size-full\"><img loading=\"lazy\" decoding=\"async\" width=\"827\" height=\"540\" data-id=\"221\" src=\"https:\/\/focuseng.com.tr\/wp-content\/uploads\/2023\/03\/SS_563.jpg\" alt=\"\" class=\"wp-image-221\" srcset=\"https:\/\/focuseng.com.tr\/wp-content\/uploads\/2023\/03\/SS_563.jpg 827w, https:\/\/focuseng.com.tr\/wp-content\/uploads\/2023\/03\/SS_563-300x196.jpg 300w, https:\/\/focuseng.com.tr\/wp-content\/uploads\/2023\/03\/SS_563-768x501.jpg 768w\" sizes=\"auto, (max-width: 827px) 100vw, 827px\" \/><\/figure>\n<\/figure>\n","protected":false},"excerpt":{"rendered":"<p>Focus \u00c7elik Enerji M\u00fchendislik; deneyimli m\u00fchendislik, \u00fcretim ekibi ve teknolojik makine park\u0131 sayesinde c\u0131vatal\u0131 veya kaynakl\u0131 olacak \u015fekilde trafo ve \u015falt merkezi \u00e7eli\u011fi tasar\u0131m\u0131 ve \u00fcretimi yapmaktad\u0131r. Trafo Merkezleri \u00fcretilen elektrik enerjisinin, \u00fcretim sahas\u0131ndan iletim hatlar\u0131na ve da\u011f\u0131t\u0131m hatlar\u0131na aktar\u0131lmas\u0131 s\u00fcrecinde ba\u011flant\u0131 noktas\u0131nda bulunan tesislerdir. Bu tesisler a\u015fa\u011f\u0131da yer alan t\u00fcrlerde olmaktad\u0131r. Trafo ve \u015ealt [&hellip;]<\/p>\n","protected":false},"author":1,"featured_media":0,"parent":35,"menu_order":0,"comment_status":"closed","ping_status":"closed","template":"","meta":{"footnotes":""},"class_list":["post-77","page","type-page","status-publish","hentry"],"_links":{"self":[{"href":"https:\/\/focuseng.com.tr\/index.php\/wp-json\/wp\/v2\/pages\/77","targetHints":{"allow":["GET"]}}],"collection":[{"href":"https:\/\/focuseng.com.tr\/index.php\/wp-json\/wp\/v2\/pages"}],"about":[{"href":"https:\/\/focuseng.com.tr\/index.php\/wp-json\/wp\/v2\/types\/page"}],"author":[{"embeddable":true,"href":"https:\/\/focuseng.com.tr\/index.php\/wp-json\/wp\/v2\/users\/1"}],"replies":[{"embeddable":true,"href":"https:\/\/focuseng.com.tr\/index.php\/wp-json\/wp\/v2\/comments?post=77"}],"version-history":[{"count":2,"href":"https:\/\/focuseng.com.tr\/index.php\/wp-json\/wp\/v2\/pages\/77\/revisions"}],"predecessor-version":[{"id":222,"href":"https:\/\/focuseng.com.tr\/index.php\/wp-json\/wp\/v2\/pages\/77\/revisions\/222"}],"up":[{"embeddable":true,"href":"https:\/\/focuseng.com.tr\/index.php\/wp-json\/wp\/v2\/pages\/35"}],"wp:attachment":[{"href":"https:\/\/focuseng.com.tr\/index.php\/wp-json\/wp\/v2\/media?parent=77"}],"curies":[{"name":"wp","href":"https:\/\/api.w.org\/{rel}","templated":true}]}}