{"id":2,"date":"2023-03-17T22:39:59","date_gmt":"2023-03-17T19:39:59","guid":{"rendered":"http:\/\/focuseng.com.tr\/?page_id=2"},"modified":"2023-03-22T22:28:18","modified_gmt":"2023-03-22T19:28:18","slug":"about-us","status":"publish","type":"page","link":"https:\/\/focuseng.com.tr\/index.php\/about-us\/","title":{"rendered":"HAKKIMIZDA"},"content":{"rendered":"\n<p>Focus \u00c7elik Enerji M\u00fchendislik;<\/p>\n\n\n\n<p>Sekt\u00f6rde uzun y\u0131llar s\u00fcren engin m\u00fchendislik, imalat ve proje hizmetleri tecr\u00fcbesi sonras\u0131 firmam\u0131z 2022 y\u0131l\u0131nda Kahramankazan\/Ankara da kurulmu\u015ftur. Firmam\u0131z, yurt d\u0131\u015f\u0131 ve yurt i\u00e7inde verilen hizmetler \u0131\u015f\u0131\u011f\u0131nda, kalite ve d\u00fcr\u00fcstl\u00fc\u011f\u00fc ilke edinerek, m\u00fc\u015fterilerimizin \u0130htiya\u00e7 ve taleplerini belirlenen s\u00fcrede, eksiksiz ve hatas\u0131z \u00fcretmek, gerekli olan makine ve donan\u0131m altyap\u0131s\u0131n\u0131 g\u00fcncel teknoloji ile sentezleyerek, uygun ve verimli \u00e7al\u0131\u015fma ko\u015fullar\u0131 ile de\u011ferli m\u00fc\u015fterilerimize hizmet sunmay\u0131 ama\u00e7lamaktad\u0131r.<\/p>\n","protected":false},"excerpt":{"rendered":"<p>Focus \u00c7elik Enerji M\u00fchendislik; Sekt\u00f6rde uzun y\u0131llar s\u00fcren engin m\u00fchendislik, imalat ve proje hizmetleri tecr\u00fcbesi sonras\u0131 firmam\u0131z 2022 y\u0131l\u0131nda Kahramankazan\/Ankara da kurulmu\u015ftur. Firmam\u0131z, yurt d\u0131\u015f\u0131 ve yurt i\u00e7inde verilen hizmetler \u0131\u015f\u0131\u011f\u0131nda, kalite ve d\u00fcr\u00fcstl\u00fc\u011f\u00fc ilke edinerek, m\u00fc\u015fterilerimizin \u0130htiya\u00e7 ve taleplerini belirlenen s\u00fcrede, eksiksiz ve hatas\u0131z \u00fcretmek, gerekli olan makine ve donan\u0131m altyap\u0131s\u0131n\u0131 g\u00fcncel teknoloji ile [&hellip;]<\/p>\n","protected":false},"author":1,"featured_media":0,"parent":0,"menu_order":0,"comment_status":"closed","ping_status":"closed","template":"","meta":{"footnotes":""},"class_list":["post-2","page","type-page","status-publish","hentry"],"_links":{"self":[{"href":"https:\/\/focuseng.com.tr\/index.php\/wp-json\/wp\/v2\/pages\/2","targetHints":{"allow":["GET"]}}],"collection":[{"href":"https:\/\/focuseng.com.tr\/index.php\/wp-json\/wp\/v2\/pages"}],"about":[{"href":"https:\/\/focuseng.com.tr\/index.php\/wp-json\/wp\/v2\/types\/page"}],"author":[{"embeddable":true,"href":"https:\/\/focuseng.com.tr\/index.php\/wp-json\/wp\/v2\/users\/1"}],"replies":[{"embeddable":true,"href":"https:\/\/focuseng.com.tr\/index.php\/wp-json\/wp\/v2\/comments?post=2"}],"version-history":[{"count":3,"href":"https:\/\/focuseng.com.tr\/index.php\/wp-json\/wp\/v2\/pages\/2\/revisions"}],"predecessor-version":[{"id":155,"href":"https:\/\/focuseng.com.tr\/index.php\/wp-json\/wp\/v2\/pages\/2\/revisions\/155"}],"wp:attachment":[{"href":"https:\/\/focuseng.com.tr\/index.php\/wp-json\/wp\/v2\/media?parent=2"}],"curies":[{"name":"wp","href":"https:\/\/api.w.org\/{rel}","templated":true}]}}